-1 + 102424340433?
102424340432
In base 13, what is 136344 + -6?
13633b
In base 7, what is 425603 + -3311?
422262
In base 7, what is -26 - -64426310?
64426251
In base 8, what is 5 - 66562145?
-66562140
In base 7, what is 246643465 - -54?
246643552
In base 8, what is -5 - 22137457?
-22137464
In base 15, what is -5e6829e + -5?
-5e682a4
In base 11, what is 855938 + 7?
855944
In base 16, what is 38 - 4ecc6?
-4ec8e
In base 8, what is -273403065 - -13?
-273403052
In base 9, what is 0 - -123405341?
123405341
In base 16, what is 375 + -5e74b?
-5e3d6
In base 14, what is -16a1cb3 - 0?
-16a1cb3
In base 6, what is 1434545503 + 1?
1434545504
In base 8, what is 0 - -67535457?
67535457
In base 3, what is -2212121112201 + 2?
-2212121112122
In base 15, what is 2db7 + 953a?
c402
In base 4, what is -10112121302111 + 2?
-10112121302103
In base 9, what is -77742 - -15?
-77726
In base 12, what is -217791 + -31?
-217802
In base 8, what is 44700462 + 5?
44700467
In base 5, what is -220214 + -2044300?
-2320014
In base 11, what is 519229502 + 1?
519229503
In base 15, what is 141c + -e8bb?
-d49e
In base 2, what is 10101010001001100010010 + -100?
10101010001001100001110
In base 14, what is -156 + b514?
b39c
In base 5, what is -223 + -2432221001?
-2432221224
In base 14, what is -a04 + 5522?
491c
In base 15, what is 1 - 799e3?
-799e2
In base 16, what is -6b9235 - -1?
-6b9234
In base 14, what is -8567abd - -5?
-8567ab8
In base 10, what is -7115 + 206?
-6909
In base 4, what is 3011 + 210202311?
210211322
In base 10, what is 38110604 - 2?
38110602
In base 16, what is 0 - ac81b6?
-ac81b6
In base 8, what is 1245705 - 676?
1245007
In base 6, what is 1203 + -50014135?
-50012532
In base 6, what is 50501 + 51130?
142031
In base 13, what is 34777 - 92?
346b5
In base 15, what is 49 - 3e4d6c?
-3e4d23
In base 7, what is 12310 - -6112?
21422
In base 13, what is -3b - -1ac1b60?
1ac1b22
In base 11, what is 1a0 - a181?
-9a91
In base 3, what is -112 + 11022211200010?
11022211122121
In base 5, what is -24 - -120240032?
120240003
In base 3, what is 12 - 100222012011022110?
-100222012011022021
In base 8, what is 4007 - 110265?
-104256
In base 5, what is -42321202 - -201?
-42321001
In base 10, what is 325 - -24928?
25253
In base 13, what is -218 + 3430c?
340c4
In base 13, what is -26b - -a9490?
a9222
In base 8, what is -4 - 1162221057?
-1162221063
In base 12, what is -290 + -5124?
-53b4
In base 12, what is -2 - 33715bb?
-3371601
In base 11, what is -28 + -44653?
-44680
In base 6, what is 24231 - 32022?
-3351
In base 12, what is -250621 - -a8?
-250535
In base 14, what is -1a3d60c + -32?
-1a3d640
In base 11, what is -172 - 10a9999?
-10aa060
In base 15, what is -3 - 696b8b?
-696b8e
In base 11, what is -642 - a9576?
-aa108
In base 6, what is -11 + 1022423?
1022412
In base 7, what is 23 + -211050241?
-211050215
In base 5, what is 1040430302022 + 1?
1040430302023
In base 7, what is -3 - -2112262?
2112256
In base 10, what is 1 - 5524948?
-5524947
In base 11, what is -337 - 313?
-64a
In base 13, what is -54718 + 74?
-54674
In base 14, what is -26dac - -6c?
-26d40
In base 12, what is 2656b8 + -1b?
265699
In base 7, what is -2554452605 + -5?
-2554452613
In base 4, what is -3 - -10032301321?
10032301312
In base 13, what is 36bb - 51c?
319c
In base 8, what is -27405 - 45616?
-75223
In base 2, what is 11001011111111101 + 10101?
11001100000010010
In base 13, what is 90c - 82038?
-81429
In base 5, what is -42 - 1143330141?
-1143330233
In base 3, what is -2220 - -1111120221?
1111111001
In base 2, what is 1110011101000110010011001 + 101001?
1110011101000110011000010
In base 14, what is 5c52cd0 + 0?
5c52cd0
In base 3, what is -2002 - -12000112101121?
12000112022112
In base 15, what is -4ad + 2884?
23c6
In base 14, what is -20 + 12709d?
12707d
In base 10, what is -23442 + -2760?
-26202
In base 9, what is 27234 + -46?
27177
In base 11, what is 816a1 + 975?
82566
In base 5, what is 0 - -41433132131?
41433132131
In base 3, what is -220012001020 + -2121?
-220012010211
In base 8, what is 1272422 - 27?
1272373
In base 11, what is a931aa - 3?
a931a7
In base 16, what is -d7ca7e - -7?
-d7ca77
In base 2, what is -1010101000111 - -10100111101101?
1010010100110
In base 12, what is -24a4 - -1162?
-1342
In base 7, what is -161154522 - 5?
-161154530
In base 13, what is 12224cc2 - 3?
12224cbc
In base 13, what is b - 17acc9?
-17acbb
In base 11, what is 3 + 66a7637?
66a763a
In base 5, what is -1204332101 - -12?
-1204332034
In base 7, what is 102 + 132331604?
132332006
In base 13, what is 30400 - 62?
3036b
In base 5, what is -130 + 201232244?
201232114
In base 15, what is -14d6203 - -2?
-14d6201
In base 3, what is 2022101101 + 0?
2022101101
In base 14, what is -1065330 + -3?
-1065333
In base 8, what is 21 - 435073?
-435052
In base 2, what is 10011010011100111001 + 101001?
10011010011101100010
In base 5, what is 1121 - 202243230?
-202242104
In base 2, what is -11011011001111010100110 - -101?
-11011011001111010100001
In base 6, what is 2432531 - -4?
2432535
In base 7, what is -63 + 313455216?
313455123
In base 6, what is -11332030553 + 0?
-11332030553
In base 6, what is 52050 + 243250?
335340
In base 12, what is 309 + 11220?
11529
In base 3, what is -12222202101100 + -20?
-12222202101120
In base 5, what is 32041101 - 132?
32040414
In base 14, what is 55139d8 + 1?
55139d9
In base 6, what is -13111440453 - 15?
-13111440512
In base 4, what is -2 + -102313312202302?
-102313312202310
In base 14, what is -4d053 + -1b?
-4d070
In base 11, what is -11 - -482562?
482551
In base 16, what is 66dc - 887?
5e55
In base 4, what is 20330031120 - -3?
20330031123
In base 9, what is -320 - 60546?
-60866
In base 10, what is -16 - 21453063?
-21453079
In base 3, what is -100022011120101 + 20?
-100022011120011
In base 8, what is 2452162 - -60?
2452242
In base 6, what is 0 + -3241151350?
-3241151350
In base 4, what is -1101 + -1011130231?
-1011131332
In base 15, what is -c0873 - a?
-c087d
In base 9, what is -1080 - -270446?
268356
In base 8, what is -5 - 705602?
-705607
In base 16, what is -33b - -26ec3?
26b88
In base 14, what is -75 - 8db7d2?
-8db867
In base 16, what is 0 + 4e05d?
4e05d
In base 11, what is 1931304 + 3?
1931307
In base 8, what is 14 - -100317244?
100317260
In base 2, what is -100110 + -1010000001111100010111?
-1010000001111100111101
In base 4, what is 333202 + -300233?
32303
In base 9, what is -702 + -26456?
-27258
In base 3, what is 20102021020122 - -200?
20102021021022
In base 11, what is -5 + -3107008?
-3107012
In base 4, what is -21002 - 1211001?
-1232003
In base 8, what is 1135710220 + 5?
1135710225
In base 12, what is 849535 + -446?
8490ab
In base 7, what is 25 - -3431210?
3431235
In base 5, what is -31 + -10003221311?
-10003221342
In base 16, what is 1d1 + 1447?
1618
In base 12, what is -5719213 + 85?
-571914a
In base 6, what is -33153543200 + -5?
-33153543205
In base 14, what is 4 - -2b05a983?
2b05a987
In base 3, what is -2000001000022 - 100222?
-2000001101021
In base 4, what is 10 + 332013222110?
332013222120
In base 6, what is 5 + -4451513?
-4451504
In base 4, what is 13022 - 11202201?
-11123113
In base 10, what is -46762658 + 2?
-46762656
In base 8, what is 1 - -443247015?
443247016
In base 5, what is -21124241004 + -14?
-21124241023
In base 13, what is 927b45 + 5b?
927ba3
In base 4, what is -131100 + 133020113?
132223013
In base 8, what is 2624350 - 0?
2624350
In base 8, what is -6004014 + 0?
-6004014
In base 15, what is -1c + 2e6a6?
2e689
In base 2, what is 111001111010 - 1010001100?
101111101110
In base 14, what is 10590d - -5?
105914
In base 7, what is -124 + 31122?
30665
In base 14, what is -b048 + -22dd?
-d347
In base 2, what is -11110 - -111110110110011?
111110110010101
In base 9, what is 13212017 - 5?
13212012
In base 5, what is -21042421 + -34102?
-21132023
In base 12, what is -6954a3 + 7a?
-695425
In base 12, what is 23 + 337b0a2?
337b105
In base 16, what is -90 - -65d11?
65c81
In base 4, what is 13012131321 + -1123?
13012130132
In base 13, what is 963 + -12a22?
-1208c
In base 9, what is -171805 + -413?
-172318
In base 11, what is 7956a4 + -4a2?
795202
In base 16, what is 1 - -13df5b94?
13df5b95
In base 5, what is 33024411102 + 100?
33024411202
In base 11, what is -35317a34 - 5?
-35317a39
In base 10, what is -28 - -